{"id":2,"date":"2020-11-15T22:09:18","date_gmt":"2020-11-15T22:09:18","guid":{"rendered":"http:\/\/derecho.unap.edu.pe\/bgespezua\/?page_id=2"},"modified":"2020-11-15T22:18:18","modified_gmt":"2020-11-15T22:18:18","slug":"about","status":"publish","type":"page","link":"https:\/\/derecho.unap.edu.pe\/bgespezua\/index.php\/about\/","title":{"rendered":"Acerca de m\u00ed"},"content":{"rendered":"\n<p>Boris Espez\u00faa Salm\u00f3n naci\u00f3 en Puno, estudi\u00f3 Derecho en la Universidad Nacional Mayor de San Marcos y es actualmente Decano de la Facultad de Ciencias Jur\u00eddicas y Pol\u00edticas de la UNA-Puno.  En el \u00e1rea del Derecho escribi\u00f3: \u201c\u00c9tica de la Justicia\u201d, \u201cLa protecci\u00f3n de la dignidad Humana\u201d, \u201cFilosof\u00eda del Derecho\u201d, etc., y en el campo de la literatura: \u201cA trav\u00e9s del ojo de un hueso\u201d (1987), \u201cTr\u00e1nsito de Amautas\u201d (1990), \u201cAlba del Pez\u201d (1992), \u201cTiempo del Cern\u00edcalo\u201d (2002), \u201cGamaliel y el or\u00e1culo del agua\u201d (2010) y \u201cM\u00e1scaras en el aire\u201d.<\/p>\n\n\n\n<p>Fuente: https:\/\/www.losandes.com.pe\/2019\/08\/27\/boris-espezua-salmon-quien-quiera-cambios-debe-leer-bastante\/<\/p>\n","protected":false},"excerpt":{"rendered":"<p>Boris Espez\u00faa Salm\u00f3n naci\u00f3 en Puno, estudi\u00f3 Derecho en la Universidad Nacional Mayor de San Marcos y es actualmente Decano de la Facultad de Ciencias&#8230;<\/p>\n<div class=\"more-link-wrapper\"><a class=\"more-link\" href=\"https:\/\/derecho.unap.edu.pe\/bgespezua\/index.php\/about\/\">Seguir leyendo<span class=\"screen-reader-text\">Acerca de m\u00ed<\/span><\/a><\/div>\n","protected":false},"author":1,"featured_media":0,"parent":0,"menu_order":0,"comment_status":"closed","ping_status":"open","template":"","meta":{"footnotes":""},"_links":{"self":[{"href":"https:\/\/derecho.unap.edu.pe\/bgespezua\/index.php\/wp-json\/wp\/v2\/pages\/2"}],"collection":[{"href":"https:\/\/derecho.unap.edu.pe\/bgespezua\/index.php\/wp-json\/wp\/v2\/pages"}],"about":[{"href":"https:\/\/derecho.unap.edu.pe\/bgespezua\/index.php\/wp-json\/wp\/v2\/types\/page"}],"author":[{"embeddable":true,"href":"https:\/\/derecho.unap.edu.pe\/bgespezua\/index.php\/wp-json\/wp\/v2\/users\/1"}],"replies":[{"embeddable":true,"href":"https:\/\/derecho.unap.edu.pe\/bgespezua\/index.php\/wp-json\/wp\/v2\/comments?post=2"}],"version-history":[{"count":1,"href":"https:\/\/derecho.unap.edu.pe\/bgespezua\/index.php\/wp-json\/wp\/v2\/pages\/2\/revisions"}],"predecessor-version":[{"id":9,"href":"https:\/\/derecho.unap.edu.pe\/bgespezua\/index.php\/wp-json\/wp\/v2\/pages\/2\/revisions\/9"}],"wp:attachment":[{"href":"https:\/\/derecho.unap.edu.pe\/bgespezua\/index.php\/wp-json\/wp\/v2\/media?parent=2"}],"curies":[{"name":"wp","href":"https:\/\/api.w.org\/{rel}","templated":true}]}}