{"id":2,"date":"2020-11-15T21:47:25","date_gmt":"2020-11-15T21:47:25","guid":{"rendered":"http:\/\/derecho.unap.edu.pe\/jcasazola\/?page_id=2"},"modified":"2025-06-08T03:28:49","modified_gmt":"2025-06-08T03:28:49","slug":"about","status":"publish","type":"page","link":"https:\/\/derecho.unap.edu.pe\/cramirez\/about\/","title":{"rendered":"Acerca de m\u00ed"},"content":{"rendered":"\n<p><\/p>\n\n\n\n<p><strong>APELLIDOS Y NOMBRES:<\/strong> Carlos Enrique Ram\u00edrez Atencio<\/p>\n\n\n\n<p><strong>DNI:<\/strong> 01335785<\/p>\n\n\n\n<p><strong>GRADO: <\/strong>Maestro<\/p>\n\n\n\n<p><strong>CONDICI\u00d3N\/CATEGOR\u00cdA:<\/strong> Asociado\/Tiempo Completo<\/p>\n\n\n\n<p><strong>N\u00b0 DE COLEGIATURA:<\/strong> 6666<\/p>\n\n\n\n<p><strong>ESPECIALIDADES:<\/strong> Derecho Penal; Derecho Procesal Penal; Derecho Civil; Derecho Procesal Civil; Conciliaci\u00f3n y Arbitraje.<\/p>\n\n\n\n<p><strong>EXPERIENCIA PROFESIONAL: <\/strong>Abogado<\/p>\n\n\n\n<p><strong>LUGAR DE TRABAJO:<\/strong> Universidad Nacional del Altiplano de Puno<\/p>\n\n\n\n<p><strong>C\u00d3DIGO RENACYT:<\/strong> <\/p>\n\n\n\n<p><strong>C\u00d3DIGO ORCID:<\/strong>0000-0002-1823-2606<\/p>\n\n\n\n<p><strong>CARGOS DIRECTIVOS: <\/strong> <\/p>\n\n\n\n<p><strong>L\u00cdNEA DE INVESTIGACI\u00d3N:<\/strong> Derecho<\/p>\n\n\n\n<p><strong>SUBL\u00cdNEA DE INVESTIGACI\u00d3N:<\/strong> Simulaci\u00f3n del Acto Jur\u00eddico; Extromisi\u00f3n Procesal penal; Sociolog\u00eda Jur\u00eddica.<\/p>\n\n\n\n<p><strong>EMAIL: <\/strong> cramirez@unap.edu.pe<\/p>\n\n\n\n<p><strong>Sitio Web:<\/strong> <a href=\"https:\/\/derecho.unap.edu.pe\/cramirez\/\">https:\/\/derecho.unap.edu.pe\/cramirez\/<\/a><\/p>\n","protected":false},"excerpt":{"rendered":"<p>APELLIDOS Y NOMBRES: Carlos Enrique Ram\u00edrez Atencio DNI: 01335785 GRADO: Maestro CONDICI\u00d3N\/CATEGOR\u00cdA: Asociado\/Tiempo Completo N\u00b0 DE COLEGIATURA: 6666 ESPECIALIDADES: Derecho Penal; Derecho Procesal Penal; Derecho&#8230;<\/p>\n<div class=\"more-link-wrapper\"><a class=\"more-link\" href=\"https:\/\/derecho.unap.edu.pe\/cramirez\/about\/\">Seguir leyendo<span class=\"screen-reader-text\">Acerca de m\u00ed<\/span><\/a><\/div>\n","protected":false},"author":2,"featured_media":0,"parent":0,"menu_order":0,"comment_status":"closed","ping_status":"open","template":"","meta":{"footnotes":""},"class_list":["post-2","page","type-page","status-publish","hentry","entry"],"_links":{"self":[{"href":"https:\/\/derecho.unap.edu.pe\/cramirez\/wp-json\/wp\/v2\/pages\/2","targetHints":{"allow":["GET"]}}],"collection":[{"href":"https:\/\/derecho.unap.edu.pe\/cramirez\/wp-json\/wp\/v2\/pages"}],"about":[{"href":"https:\/\/derecho.unap.edu.pe\/cramirez\/wp-json\/wp\/v2\/types\/page"}],"author":[{"embeddable":true,"href":"https:\/\/derecho.unap.edu.pe\/cramirez\/wp-json\/wp\/v2\/users\/2"}],"replies":[{"embeddable":true,"href":"https:\/\/derecho.unap.edu.pe\/cramirez\/wp-json\/wp\/v2\/comments?post=2"}],"version-history":[{"count":5,"href":"https:\/\/derecho.unap.edu.pe\/cramirez\/wp-json\/wp\/v2\/pages\/2\/revisions"}],"predecessor-version":[{"id":59,"href":"https:\/\/derecho.unap.edu.pe\/cramirez\/wp-json\/wp\/v2\/pages\/2\/revisions\/59"}],"wp:attachment":[{"href":"https:\/\/derecho.unap.edu.pe\/cramirez\/wp-json\/wp\/v2\/media?parent=2"}],"curies":[{"name":"wp","href":"https:\/\/api.w.org\/{rel}","templated":true}]}}