{"id":2,"date":"2020-11-15T21:09:14","date_gmt":"2020-11-15T21:09:14","guid":{"rendered":"http:\/\/derecho.unap.edu.pe\/japineda\/?page_id=2"},"modified":"2020-11-15T21:23:57","modified_gmt":"2020-11-15T21:23:57","slug":"about","status":"publish","type":"page","link":"https:\/\/derecho.unap.edu.pe\/japineda\/index.php\/about\/","title":{"rendered":"Acerca de m\u00ed"},"content":{"rendered":"\n<p>ABOGADO POR LA UNIVERSIDAD CAT\u00d3LICA DE SANTA MARIA PER\u00da<\/p>\n\n\n\n<p>MAGISTER MAGISTER SCIENTAE EN DERECHO P\u00daBLICO POR LA UNIVERSIDAD NACIONAL DEL ALTIPLANO PUNO PER\u00da<\/p>\n\n\n\n<p>DOCENTE PRINCIPAL DE LA UNIVERSIDAD NACIONAL DEL ALTIPLANO DE PUNO<\/p>\n\n\n\n<p>JUEZ DE FAMILIA DE LA CORTE SUPERIOR DE JUSTICIA DE PUNO<\/p>\n\n\n\n<p><br><\/p>\n","protected":false},"excerpt":{"rendered":"<p>ABOGADO POR LA UNIVERSIDAD CAT\u00d3LICA DE SANTA MARIA PER\u00da MAGISTER MAGISTER SCIENTAE EN DERECHO P\u00daBLICO POR LA UNIVERSIDAD NACIONAL DEL ALTIPLANO PUNO PER\u00da DOCENTE PRINCIPAL&#8230;<\/p>\n<div class=\"more-link-wrapper\"><a class=\"more-link\" href=\"https:\/\/derecho.unap.edu.pe\/japineda\/index.php\/about\/\">Seguir leyendo<span class=\"screen-reader-text\">Acerca de m\u00ed<\/span><\/a><\/div>\n","protected":false},"author":1,"featured_media":0,"parent":0,"menu_order":0,"comment_status":"closed","ping_status":"open","template":"","meta":{"footnotes":""},"_links":{"self":[{"href":"https:\/\/derecho.unap.edu.pe\/japineda\/index.php\/wp-json\/wp\/v2\/pages\/2"}],"collection":[{"href":"https:\/\/derecho.unap.edu.pe\/japineda\/index.php\/wp-json\/wp\/v2\/pages"}],"about":[{"href":"https:\/\/derecho.unap.edu.pe\/japineda\/index.php\/wp-json\/wp\/v2\/types\/page"}],"author":[{"embeddable":true,"href":"https:\/\/derecho.unap.edu.pe\/japineda\/index.php\/wp-json\/wp\/v2\/users\/1"}],"replies":[{"embeddable":true,"href":"https:\/\/derecho.unap.edu.pe\/japineda\/index.php\/wp-json\/wp\/v2\/comments?post=2"}],"version-history":[{"count":2,"href":"https:\/\/derecho.unap.edu.pe\/japineda\/index.php\/wp-json\/wp\/v2\/pages\/2\/revisions"}],"predecessor-version":[{"id":9,"href":"https:\/\/derecho.unap.edu.pe\/japineda\/index.php\/wp-json\/wp\/v2\/pages\/2\/revisions\/9"}],"wp:attachment":[{"href":"https:\/\/derecho.unap.edu.pe\/japineda\/index.php\/wp-json\/wp\/v2\/media?parent=2"}],"curies":[{"name":"wp","href":"https:\/\/api.w.org\/{rel}","templated":true}]}}