{"id":1008,"date":"2025-05-07T01:17:47","date_gmt":"2025-05-07T01:17:47","guid":{"rendered":"https:\/\/derecho.unap.edu.pe\/mespinoza\/?page_id=1008"},"modified":"2025-05-07T01:17:47","modified_gmt":"2025-05-07T01:17:47","slug":"publicaciones","status":"publish","type":"page","link":"https:\/\/derecho.unap.edu.pe\/mespinoza\/publicaciones\/","title":{"rendered":"Publicaciones"},"content":{"rendered":"\n<figure class=\"wp-block-table\"><table class=\"has-fixed-layout\"><tbody><tr><td>Tipo Producci\u00f3n<\/td><td>T\u00edtulo<\/td><td>Autor<\/td><td>A\u00f1o de Producci\u00f3n<\/td><td>DOI<\/td><td>Revista<\/td><\/tr><tr><td>Art\u00edculo en revista cient\u00edfica<\/td><td>Recovering the role of women and the family in the \u201cChacha-Warmi\u201d form of marriage in the Aymara culture of the Peruvian highlands, from the perspective of Gender Law<\/td><td>Coila M.E.<\/td><td>2023<\/td><td><a target=\"_blank\" href=\"http:\/\/www.doi.org\/10.7770\/RCHDCP-V14N1-ART91\" rel=\"noreferrer noopener\">10.7770\/RCHDCP-V14N1-ART91<\/a><\/td><td><\/td><\/tr><tr><td>MasterThesis<\/td><td>Arqueolog\u00eda desde la criminolog\u00eda cautelar sobre el origen y caracteres estructurales del poder punitivo en el Per\u00fa antiguo<\/td><td>Espinoza Coila, Michael<\/td><td>2021<\/td><td><a target=\"_blank\" href=\"http:\/\/www.doi.org\/\" rel=\"noreferrer noopener\"><\/a><\/td><td><\/td><\/tr><tr><td>BachelorThesis<\/td><td>Derecho penal inform\u00e1tico: deslegitimaci\u00f3n del poder punitivo en la sociedad de control<\/td><td>Espinoza Coila, Michael<\/td><td>2017<\/td><td><a target=\"_blank\" href=\"http:\/\/www.doi.org\/\" rel=\"noreferrer noopener\"><\/a><\/td><td><\/td><\/tr><tr><td>Journal &#8211; Article<\/td><td>THE DIVISION OF POWERS IN PERU: THE UNITARY AND THE FUNCTIONS OF THE STATE<\/td><td>Espinoza Coila, Michael<\/td><td>2014<\/td><td><a target=\"_blank\" href=\"http:\/\/www.doi.org\/\" rel=\"noreferrer noopener\"><\/a><\/td><td><\/td><\/tr><\/tbody><\/table><\/figure>\n\n\n\n<figure class=\"wp-block-table\"><table class=\"has-fixed-layout\"><tbody><tr><td>Tipo de Producci\u00f3n<\/td><td>T\u00edtulo<\/td><td>A\u00f1o de Producci\u00f3n<\/td><td>T\u00edtulo de la fuente<\/td><\/tr><tr><td>LIBRO<\/td><td>La idea de justicia en la resoluci\u00f3n de conflictos en la Central \u00danica Distrital de la Ronda Campesina de Acora<\/td><td>2018<\/td><td><\/td><\/tr><tr><td>LIBRO<\/td><td>Gu\u00eda de citados seg\u00fan el estilo APA, sexta edici\u00f3n<\/td><td>2016<\/td><td><\/td><\/tr><tr><td>LIBRO<\/td><td>Apuntes de un Preuniversitario<\/td><td>2011<\/td><td><\/td><\/tr><tr><td>ART\u00cdCULO EN REVISTA CIENT\u00cdFICA<\/td><td>EL INTER\u00c9S SUPERIOR DEL ESTUDIANTE<\/td><td>2014<\/td><td>Revista de Derecho de la Universidad Nacional del Altipl&#8230;<\/td><\/tr><tr><td>PUBLICACI\u00d3N ESTUDIANTIL SUPERVISADA<\/td><td>Monograf\u00eda del Distrito de Vilque<\/td><td>2010<\/td><td>ResearchGate GmbH<\/td><\/tr><tr><td>CLASE<\/td><td>Manejo de archivos Linux<\/td><td>2010<\/td><td><\/td><\/tr><tr><td>CAP\u00cdTULO DE LIBRO<\/td><td>Criminolog\u00eda acad\u00e9mica en la Facultad de Ciencias Jur\u00eddicas y Pol\u00edticas de la Universidad Nacional del Altiplano de Puno<\/td><td>2020<\/td><td>Historia y derecho: 200 a\u00f1os de rep\u00fablica visto desde el&#8230;<\/td><\/tr><tr><td>ART\u00cdCULO EN REVISTA CIENT\u00cdFICA<\/td><td>ENTORNO F\u00cdSICO QUE VULNERA EL PRINCIPIO-DERECHO DE ACCESIBILIDAD, Y, EL MODELO SOCIAL DE LA DISCAPACIDAD PARA EL DESARROLLO DE LA UNIVERSIDAD NACIONAL DEL ALTIPLANO<\/td><td>2015<\/td><td>Revista de Derecho de la Universidad Nacional del Altipl&#8230;<\/td><\/tr><tr><td>ART\u00cdCULO EN REVISTA CIENT\u00cdFICA<\/td><td>LA DIVISI\u00d3N DE PODERES EN EL PER\u00da<\/td><td>2014<\/td><td>Revista Investigaciones Altoandinas -Journal of High And&#8230;<\/td><\/tr><tr><td>ART\u00cdCULO EN CONGRESO<\/td><td>La necesidad de una interdisciplinariedad secante entre el derecho penal y el derecho inform\u00e1tico.<\/td><td>2014<\/td><td><\/td><\/tr><tr><td>CLASE<\/td><td>Traducciones biblicas en espa\u00f1ol<\/td><td>2018<\/td><td><\/td><\/tr><tr><td>CLASE<\/td><td>Traducciones b\u00edblicas (2017)<\/td><td>2017<\/td><td><\/td><\/tr><tr><td>WEBSITE<\/td><td>A\u00f1adir o actualizar en Mendeley el estilo APA s\u00e9ptima (7th) edici\u00f3n 2020<\/td><td>2020<\/td><td>P\u00e1gina Web Personal<\/td><\/tr><tr><td>ART\u00cdCULO EN REVISTA CIENT\u00cdFICA<\/td><td>EL DERECHO PENAL INFORM\u00c1TICO HUMANO COMO CAUTELA FRENTE AL PODER PUNITIVO EN LA SOCIEDAD DE CONTROL<\/td><td>2018<\/td><td>Revista de Derecho de la Universidad Nacional del Altipl&#8230;<\/td><\/tr><tr><td>ART\u00cdCULO EN REVISTA CIENT\u00cdFICA<\/td><td>EL DERECHO DE EJECUCI\u00d3N PENAL Y LA SUCESI\u00d3N DE LEYES EN LA CONCESI\u00d3N DE BENEFICIOS PENITENCIARIOS<\/td><td>2019<\/td><td>Revista Derecho de la Universidad Nacional del Altiplano&#8230;<\/td><\/tr><tr><td>ART\u00cdCULO EN REVISTA CIENT\u00cdFICA<\/td><td>DENUNCIAS Y CONDENAS SOBRE LOS DELITOS CONTRA LA ADMINISTRACI\u00d3N P\u00daBLICA EN EL PER\u00da Y EL SISTEMA ANTICORRUPCI\u00d3N DE PUNO DURANTE EL A\u00d1O 2018, Y PROPUESTAS DE LOS DERECHOS PARA REDUCIR SU COMISI\u00d3N DELICTIVA<\/td><td>2019<\/td><td>Revista de Derecho de la Universidad Nacional del Altipl&#8230;<\/td><\/tr><tr><td>ART\u00cdCULO MAGAZINE<\/td><td>Tutor\u00eda como \u00f3rgano de apoyo al clima institucional desde la perspectiva del Educando<\/td><td>2008<\/td><td>El Carolino<\/td><\/tr><tr><td>ART\u00cdCULO MAGAZINE<\/td><td>El s\u00edndrome TMT en Derecho<\/td><td>2011<\/td><td>Taripa\u00f1a<\/td><\/tr><tr><td>ART\u00cdCULO MAGAZINE<\/td><td>La Interculturalidad en el Derecho Peruano para los conflictos sociales.<\/td><td>2012<\/td><td>\u0093Revista Jur\u00eddica\u0094 de la Facultad de Ciencias Jur\u00eddicas &#8230;<\/td><\/tr><tr><td>ART\u00cdCULO PERI\u00d3DICO<\/td><td>Error de comprensi\u00f3n culturalmente condicionado en el sistema penal peruano. A prop\u00f3sito de la reforma del C\u00f3digo Penal Argentino.<\/td><td>2012<\/td><td>\u00abHoja Aparte\u00bb de la Universidad Nacional de R\u00edo Cuarto (&#8230;<\/td><\/tr><tr><td>WEBSITE<\/td><td>EL PODER Y EL PUEBLO EN EL ESTADO<\/td><td>2013<\/td><td>Portal Web de la Universidad Nacional del Altiplano de Puno<\/td><\/tr><tr><td>ART\u00cdCULO MAGAZINE<\/td><td>Los delitos inform\u00e1ticos en el Per\u00fa<\/td><td>2014<\/td><td>Taripa\u00f1a<\/td><\/tr><tr><td>ART\u00cdCULO MAGAZINE<\/td><td>Desafios para el Derecho sobre el cuidado de la Casa Com\u00fan<\/td><td>2015<\/td><td>Taripa\u00f1a<\/td><\/tr><tr><td>ART\u00cdCULO MAGAZINE<\/td><td>Clonaci\u00f3n Libre con \u0093CLONEZILLA &#8211; LIVE\u0094<\/td><td>2009<\/td><td>ResearchGate<\/td><\/tr><tr><td>CAP\u00cdTULO DE LIBRO<\/td><td>Entorno f\u00edsico que vulnera el principio-derecho de accesibilidad, y el modelo social de la discapacidad como propuesta para el desarrollo de una universidad accesible: Caso Universidad Nacional del Altiplano<\/td><td>2015<\/td><td>I Concurso de Investigaci\u00f3n en Derechos Humanos y Derech&#8230;<\/td><\/tr><tr><td>ART\u00cdCULO EN REVISTA CIENT\u00cdFICA<\/td><td>EL SENTIDO INTERPRETATIVO DE LA P\u00c9RDIDA DEL BIEN EN LA OBLIGACI\u00d3N PROVENIENTE DE DELITO O FALTA<\/td><td>2020<\/td><td>Revista de Derecho de la Universidad Nacional del Altipl&#8230;<\/td><\/tr><tr><td>CLASE<\/td><td>Criminolog\u00eda y Derecho Penal<\/td><td>2020<\/td><td><\/td><\/tr><tr><td>REPORTE<\/td><td>Derecho penal inform\u00e1tico<\/td><td>2017<\/td><td>Repositorio institucional de la Universidad Nacional del&#8230;<\/td><\/tr><tr><td>CLASE<\/td><td>Capacitaci\u00f3n sobre uso de DIALNET PLUS y funcionamiento de la Biblioteca especializada de Derecho<\/td><td>2020<\/td><td><\/td><\/tr><tr><td>CLASE<\/td><td>Taller de uso de Mendeley para estudiantes de Derecho<\/td><td>2020<\/td><td><\/td><\/tr><tr><td>CLASE<\/td><td>I JORNADA INCRIDES DE CRIMINOLOG\u00cdA Y POL\u00cdTICA CRIMINAL: CAP\u00cdTULO PUNO<\/td><td>2020<\/td><td><\/td><\/tr><tr><td>CAP\u00cdTULO DE LIBRO<\/td><td>BREVE HISTORIA DE LA FACULTAD DE CIENCIAS JUR\u00cdDICAS Y POL\u00cdTICAS DE LA UNIVERSIDAD NACIONAL DEL ALTIPLANO DE PUNO, CAMINO AL BICENTENARIO DE SU CREACI\u00d3N.<\/td><td>2020<\/td><td>Historia y Derecho. Tomo 2<\/td><\/tr><tr><td>CAP\u00cdTULO DE LIBRO<\/td><td>UN VISTAZO A LA CRIMINOLOG\u00cdA DE JOS\u00c9 ANTONIO ENCINAS FRANCO EN LOS INICIOS DEL INDIGENISMO JUR\u00cdDICO UNIVERSITARIO<\/td><td>2020<\/td><td>Historia y Derecho. Tomo 2.<\/td><\/tr><tr><td>ART\u00cdCULO EN REVISTA CIENT\u00cdFICA<\/td><td>LA DESAPARICI\u00d3N DE MUJERES Y NI\u00d1AS EN EL \u00c1MBITO PERUANO E INTERNACIONAL<\/td><td>2021<\/td><td>Revista de Derecho de la Universidad Nacional del Altipl&#8230;<\/td><\/tr><tr><td>LIBRO<\/td><td>GU\u00cdA DE CITADOS Y REFERENCIAS SEG\u00daN LA S\u00c9PTIMA EDICI\u00d3N DEL ESTILO APA<\/td><td>2022<\/td><td><\/td><\/tr><tr><td>CLASE<\/td><td>Tercera jornada jur\u00eddica: Derecho Penal del ciudadano y Derecho Penal del enemigo<\/td><td>2019<\/td><td><\/td><\/tr><tr><td>CLASE<\/td><td>I &#8211; CICLO DE CONFERENCIAS DE INDUCCI\u00d3N A CANDIDATOS PARA COLEGIARSE: Recursos tecnol\u00f3gicos para la investigaci\u00f3n<\/td><td>2019<\/td><td><\/td><\/tr><tr><td>CLASE<\/td><td>TALLER DE CAPACITACI\u00d3N SOBRE USO DE SOFTWARE LEGAL CASE<\/td><td>2019<\/td><td><\/td><\/tr><tr><td>CLASE<\/td><td>SEMINARIO SOBRE LA LUCHA CONTRA LA CORRUPCI\u00d3N EN EL PER\u00da<\/td><td>2019<\/td><td><\/td><\/tr><tr><td>CLASE<\/td><td>TALLER DE CAPACITACI\u00d3N SOBRE USO DE SOFTWARE LEGAL CASE Y REDACCI\u00d3N DE ESCRITOS PROCESALES<\/td><td>2019<\/td><td><\/td><\/tr><tr><td>CLASE<\/td><td>Derecho a la Salud<\/td><td>2015<\/td><td><\/td><\/tr><tr><td>CLASE<\/td><td>La idea de justicia en la resoluci\u00f3n de conflictos en la Central \u00danica Distrital de la Ronda Campesina de Acora.<\/td><td>2015<\/td><td><\/td><\/tr><tr><td>CLASE<\/td><td>El inter\u00e9s superior del estudiante<\/td><td>2015<\/td><td><\/td><\/tr><tr><td>CLASE<\/td><td>Entorno f\u00edsico que vulnera el Principio-derecho de accesibilidad, y, el modelo social de la discapacidad para el desarrollo de la Universidad Nacional del Altiplano.<\/td><td>2016<\/td><td><\/td><\/tr><tr><td>CAP\u00cdTULO DE LIBRO<\/td><td>THE HUMAN COMPUTER CRIMINAL LAW AS A CAUTION TO PUNITIVE POWER IN THE CONTROL SOCIETY<\/td><td>2021<\/td><td>Compilaci\u00f3n acad\u00e9mica de investigaciones multidisciplina&#8230;<\/td><\/tr><tr><td>CARTEL DE CONFERENCIA\/POSTER<\/td><td>Manifestaciones del poder punitivo sobre la mujer en el Per\u00fa antiguo<\/td><td>2021<\/td><td><\/td><\/tr><tr><td>CLASE<\/td><td>Gu\u00eda de citas y referencias seg\u00fan Apa<\/td><td>2022<\/td><td><\/td><\/tr><tr><td>CLASE<\/td><td>Historia de la cuesti\u00f3n criminal I: Crimen y poder punitivo en el Per\u00fa Antiguo<\/td><td>2021<\/td><td><\/td><\/tr><tr><td>CARTEL DE CONFERENCIA\/POSTER<\/td><td>Criminolog\u00eda y Derecho Penal<\/td><td>2020<\/td><td><\/td><\/tr><tr><td>CLASE<\/td><td>Criminolog\u00eda y religi\u00f3n<\/td><td>2020<\/td><td><\/td><\/tr><tr><td>CARTEL DE CONFERENCIA\/POSTER<\/td><td>Caracteres estructurales del poder punitivo en el Per\u00fa antiguo.<\/td><td>2021<\/td><td><\/td><\/tr><tr><td>CAP\u00cdTULO DE LIBRO<\/td><td>Origem e caracteres estruturais do poder punitivo no Peru antigo desde a Criminologia Cautelar<\/td><td>2022<\/td><td>Pesquisas em portugues em tempos de pandemia &#8211; 2022<\/td><\/tr><tr><td>ART\u00cdCULO EN REVISTA CIENT\u00cdFICA<\/td><td>Algunos elementos del iusnaturalismo en la Constituci\u00f3n peruana de 1993<\/td><td>2022<\/td><td>Revista de Derecho de la Universidad Nacional del Altipl&#8230;<\/td><\/tr><tr><td>CAP\u00cdTULO DE LIBRO<\/td><td>Origen y caracteres esctructurales del poder punitivo en el Per\u00fa antiguo desde la Criminolog\u00eda Cautelar<\/td><td>2022<\/td><td>Historia y Derecho: Homenaje a Carlos Ramos N\u00fa\u00f1ez<\/td><\/tr><tr><td>CAP\u00cdTULO DE LIBRO<\/td><td>APROXIMACI\u00d3N A LA FUNDAMENTACI\u00d3N DE LAS CULTURAS DEL PER\u00da ANTIGUO COMO ESTADOS<\/td><td>2023<\/td><td>Ensayos sobre aplicaci\u00f3n de la Teor\u00eda del Estado en las &#8230;<\/td><\/tr><tr><td>ART\u00cdCULO EN REVISTA CIENT\u00cdFICA<\/td><td>Recuperando el rol de la mujer y la familia en la uni\u00f3n del Chacha-Warmi en la cultura aymara del altiplano peruano desde la perspectiva del Derecho de G\u00e9nero<\/td><td>2023<\/td><td>Revista Chilena de Derecho y Ciencia Pol\u00edtica<\/td><\/tr><tr><td>CAP\u00cdTULO DE LIBRO<\/td><td>La tecnolog\u00eda de control como amplificador del poder punitivo<\/td><td>2024<\/td><td>INTELIGENCIA ARTIFICIAL Y DERECHO<\/td><\/tr><tr><td>CAP\u00cdTULO DE LIBRO<\/td><td>Los principios constructivos del derecho penal humano en las doce constituciones peruanas<\/td><td>2025<\/td><td>ENSAYOS SOBRE LAS CONSTITUCIONES DEL PER\u00da<\/td><\/tr><\/tbody><\/table><\/figure>\n","protected":false},"excerpt":{"rendered":"<p>Tipo Producci\u00f3n T\u00edtulo Autor A\u00f1o de Producci\u00f3n DOI Revista Art\u00edculo en revista cient\u00edfica Recovering the role of women and the family in the \u201cChacha-Warmi\u201d form&#8230;<\/p>\n<div class=\"more-link-wrapper\"><a class=\"more-link\" href=\"https:\/\/derecho.unap.edu.pe\/mespinoza\/publicaciones\/\">Seguir leyendo<span class=\"screen-reader-text\">Publicaciones<\/span><\/a><\/div>\n","protected":false},"author":1,"featured_media":0,"parent":0,"menu_order":0,"comment_status":"closed","ping_status":"closed","template":"","meta":{"footnotes":""},"class_list":["post-1008","page","type-page","status-publish","hentry","entry"],"_links":{"self":[{"href":"https:\/\/derecho.unap.edu.pe\/mespinoza\/wp-json\/wp\/v2\/pages\/1008","targetHints":{"allow":["GET"]}}],"collection":[{"href":"https:\/\/derecho.unap.edu.pe\/mespinoza\/wp-json\/wp\/v2\/pages"}],"about":[{"href":"https:\/\/derecho.unap.edu.pe\/mespinoza\/wp-json\/wp\/v2\/types\/page"}],"author":[{"embeddable":true,"href":"https:\/\/derecho.unap.edu.pe\/mespinoza\/wp-json\/wp\/v2\/users\/1"}],"replies":[{"embeddable":true,"href":"https:\/\/derecho.unap.edu.pe\/mespinoza\/wp-json\/wp\/v2\/comments?post=1008"}],"version-history":[{"count":1,"href":"https:\/\/derecho.unap.edu.pe\/mespinoza\/wp-json\/wp\/v2\/pages\/1008\/revisions"}],"predecessor-version":[{"id":1011,"href":"https:\/\/derecho.unap.edu.pe\/mespinoza\/wp-json\/wp\/v2\/pages\/1008\/revisions\/1011"}],"wp:attachment":[{"href":"https:\/\/derecho.unap.edu.pe\/mespinoza\/wp-json\/wp\/v2\/media?parent=1008"}],"curies":[{"name":"wp","href":"https:\/\/api.w.org\/{rel}","templated":true}]}}