{"id":193,"date":"2015-04-29T11:59:08","date_gmt":"2015-04-29T16:59:08","guid":{"rendered":"https:\/\/micnous.wordpress.com\/?page_id=193"},"modified":"2025-08-12T03:08:05","modified_gmt":"2025-08-12T03:08:05","slug":"descargas","status":"publish","type":"page","link":"https:\/\/derecho.unap.edu.pe\/mespinoza\/descargas\/","title":{"rendered":"Material bibliogr\u00e1fico"},"content":{"rendered":"\n<h1 class=\"wp-block-heading\"><strong>B\u00fccher:<\/strong><\/h1>\n\n\n\n<p>Comparto los siguientes enlaces:<\/p>\n\n\n\n<ul class=\"wp-block-list\">\n<li>Alzamora Valdez, Mario: Introducci\u00f3n a la Ciencia del Derecho. <a href=\"https:\/\/pdfcoffee.com\/introduccion-a-la-ciencia-pdf-free.html\">https:\/\/pdfcoffee.com\/introduccion-a-la-ciencia-pdf-free.html<\/a><\/li>\n\n\n\n<li>Ardito Vega, W.J. (2012). La promoci\u00f3n del acceso a la justicia en las zonas rurales. PUCP. <a href=\"https:\/\/tesis.pucp.edu.pe\/items\/df4198bc-0ef1-47e7-bf7e-fb4bf87380ea\">https:\/\/tesis.pucp.edu.pe\/items\/df4198bc-0ef1-47e7-bf7e-fb4bf87380ea<\/a><\/li>\n\n\n\n<li>Rubio Correa, Marcial: El sistema jur\u00eddico. <a href=\"https:\/\/filialsur.usmp.edu.pe\/wp-content\/uploads\/2020\/03\/El-sistema-jur%C3%ADdico-DERECHO.pdf\">https:\/\/filialsur.usmp.edu.pe\/wp-content\/uploads\/2020\/03\/El-sistema-jur%C3%ADdico-DERECHO.pdf<\/a><\/li>\n\n\n\n<li>Torres Vasquez, A. Introducci\u00f3n al Derecho. <a href=\"https:\/\/andrescusia.files.wordpress.com\/2020\/09\/introduccion-al-derecho-anibal-torres-vasquez-2019.pdf\">https:\/\/andrescusia.files.wordpress.com\/2020\/09\/introduccion-al-derecho-anibal-torres-vasquez-2019.pdf<\/a><\/li>\n\n\n\n<li>Nino, Carlos: Introducci\u00f3n al an\u00e1lisis del Derecho. <a href=\"https:\/\/inecipcba.files.wordpress.com\/2013\/08\/introduccion_al_analisis_del_derecho_-_carlos_santiago_nino.pdf\">https:\/\/inecipcba.files.wordpress.com\/2013\/08\/introduccion_al_analisis_del_derecho_-_carlos_santiago_nino.pdf<\/a><\/li>\n\n\n\n<li>Fernandez Sessarego, C. Bosquejo para una determinaci\u00f3n ontol\u00f3gica del Derecho (El Derecho como libertad). <a href=\"https:\/\/www.academia.edu\/27442600\/Bosquejo_para_una_determinaci%C3%B3n_ontol%C3%B3gica_del_Derecho_de_Carlos_Fernandez_Sessarego\">https:\/\/www.academia.edu\/27442600\/Bosquejo_para_una_determinaci%C3%B3n_ontol%C3%B3gica_del_Derecho_de_Carlos_Fernandez_Sessarego<\/a><\/li>\n\n\n\n<li>Justiniano. Corpus Iuris Civilis. <a href=\"https:\/\/derecho.unap.edu.pe\/mespinoza\/2025\/04\/el-corpus-iuris-civilis-de-justiniano\/\">https:\/\/derecho.unap.edu.pe\/mespinoza\/2025\/04\/el-corpus-iuris-civilis-de-justiniano\/<\/a><\/li>\n\n\n\n<li>Welzel, Hans. Derecho Penal: Parte general (Derecho Penal Alem\u00e1n). <a href=\"https:\/\/web.archive.org\/web\/20240514090632\/https:\/\/www.derechopenalenlared.com\/libros\/DERECHO_PENAL_PARTE_GENERAL_HANS_WELZEL.pdf\" target=\"_blank\" rel=\"noreferrer noopener\">https:\/\/web.archive.org\/web\/20240514090632\/https:\/\/www.derechopenalenlared.com\/libros\/DERECHO_PENAL_PARTE_GENERAL_HANS_WELZEL.pdf<\/a><\/li>\n\n\n\n<li>Espinoza Coila, Michael. Apuntes de un preuniversitario: Comunicaci\u00f3n. <a href=\"https:\/\/archive.org\/details\/ApuntesDeUnPreuniversitario\" target=\"_blank\" rel=\"noreferrer noopener\">https:\/\/archive.org\/details\/ApuntesDeUnPreuniversitario<\/a> <\/li>\n\n\n\n<li>Charaja C., F. El MAPIC en la metodolog\u00eda de la investigaci\u00f3n. <a href=\"https:\/\/pdfcoffee.com\/chara-c-f-mapic-en-la-investigacion-cientifica-4-pdf-free.html\">https:\/\/pdfcoffee.com\/chara-c-f-mapic-en-la-investigacion-cientifica-4-pdf-free.html<\/a><\/li>\n\n\n\n<li>Feyerabend, P. Tratado contra el m\u00e9todo. <a href=\"https:\/\/web.archive.org\/web\/20250405042113\/https:\/\/posgrado.unam.mx\/musica\/lecturas\/LecturaIntroduccionInvestigacionMusical\/epistemologia\/Paul-Feyerabend-Tratado-contra-el-metodo.pdf\" target=\"_blank\" rel=\"noreferrer noopener\">https:\/\/web.archive.org\/web\/20250405042113\/https:\/\/posgrado.unam.mx\/musica\/lecturas\/LecturaIntroduccionInvestigacionMusical\/epistemologia\/Paul-Feyerabend-Tratado-contra-el-metodo.pdf<\/a><\/li>\n\n\n\n<li>Lincoln, Y. S. &amp; Guba, E. G. Naturalistic Inquiry: <a href=\"https:\/\/dokumen.pub\/naturalistic-inquiry-0803924313.html\">https:\/\/dokumen.pub\/naturalistic-inquiry-0803924313.html<\/a><\/li>\n\n\n\n<li>Alvarez Gardiol, A. Epistemolog\u00eda jur\u00eddica. <a href=\"https:\/\/pdfcoffee.com\/epistemologia-juridica-ariel-alvarez-pdf-free.html\" target=\"_blank\" rel=\"noreferrer noopener\">https:\/\/pdfcoffee.com\/epistemologia-juridica-ariel-alvarez-pdf-free.html<\/a><\/li>\n\n\n\n<li>Padilla. Derecho Romano. <a href=\"https:\/\/web.archive.org\/web\/20240731065257\/http:\/\/blog.pucp.edu.pe\/blog\/stein\/wp-content\/uploads\/sites\/734\/2020\/11\/Derecho-Romano-Padilla-M%C3%A9xico.pdf\" target=\"_blank\" rel=\"noreferrer noopener\">https:\/\/web.archive.org\/web\/20240731065257\/http:\/\/blog.pucp.edu.pe\/blog\/stein\/wp-content\/uploads\/sites\/734\/2020\/11\/Derecho-Romano-Padilla-M%C3%A9xico.pdf<\/a><\/li>\n\n\n\n<li>Zaffaroni, E.R. (2020). Lineamientos de Derecho Penal. <a href=\"https:\/\/pdfcoffee.com\/lineamientos-de-derecho-penal-2020-eugenio-zaffaroni-2-pdf-free.html\">https:\/\/pdfcoffee.com\/lineamientos-de-derecho-penal-2020-eugenio-zaffaroni-2-pdf-free.html<\/a><\/li>\n\n\n\n<li><a href=\"https:\/\/www.vatican.va\/archive\/catechism_sp\/index_sp.html\">Catecismo de la Iglesia Cat\u00f3lica<\/a><\/li>\n\n\n\n<li><a href=\"https:\/\/drive.google.com\/file\/d\/0B80JhM-F6n5NRDVmaE1RZ2p6SWc\/view?usp=sharing\">Compendio de la Doctrina Social de la Iglesia Cat\u00f3lica<\/a><\/li>\n\n\n\n<li><a href=\"https:\/\/drive.google.com\/file\/d\/0B80JhM-F6n5NV1JObGg3YUQzN1E\/view?usp=sharing\">Leccionario de la Iglesia Cat\u00f3lica &#8211; Completo<\/a><\/li>\n\n\n\n<li><a href=\"https:\/\/www.enticonfio.org\/catecismo\/\">Catecismo explicado<\/a><\/li>\n\n\n\n<li><a href=\"https:\/\/www.enticonfio.org\/youcat-explicado\/\">YouCat explicado<\/a><\/li>\n\n\n\n<li><strong>Biblias:<\/strong>\n<ul class=\"wp-block-list\">\n<li><a href=\"https:\/\/drive.google.com\/file\/d\/1wEuIBdJ0w4yAySgl2dnV1vu-58nnIvaz\/view?usp=sharing\">Sagrada Biblia (1961) &#8211; Elo\u00edno Nacar y Alberto Colunga<\/a><\/li>\n\n\n\n<li><a href=\"https:\/\/drive.google.com\/file\/d\/0B80JhM-F6n5NMXlkVURHd0pvU00\/view?usp=sharing\">Sagrada Biblia &#8211; Jos\u00e9 Bover y Francisco Cantera<\/a><\/li>\n\n\n\n<li><a href=\"https:\/\/drive.google.com\/file\/d\/0B80JhM-F6n5NNWxqM0ZCeUVwWUE\/view?usp=sharing\">La Santa Biblia (Antiguo y Nuevo Testamento) &#8211; Juan Straunbinger<\/a><\/li>\n\n\n\n<li><a href=\"https:\/\/www.edesclee.com\/content\/biblia-online\">Biblia de Jerusal\u00e9n (2009)<\/a><\/li>\n\n\n\n<li><a href=\"https:\/\/scroll.bibletraditions.org\/\">La Bible en ses Traditions (BEST aisbl) | \u00c9cole biblique et arch\u00e9ologique fran\u00e7aise de J\u00e9rusalem (\u00c9BAF)&nbsp;<\/a><\/li>\n\n\n\n<li><a href=\"https:\/\/biblehub.com\/\">Bible Hub<\/a><\/li>\n\n\n\n<li><a href=\"https:\/\/www.blueletterbible.org\/\">Blue Letter Bible<\/a><\/li>\n<\/ul>\n<\/li>\n\n\n\n<li><a href=\"https:\/\/es.scribd.com\/document\/44825410\/Gargano-Guido-Inocenso-La-Lectio-Divina\">La Lectio Divina &#8211; Guido Inocenso Gargano<\/a><\/li>\n\n\n\n<li><a href=\"https:\/\/web.archive.org\/web\/20250320041056\/https:\/\/religion.antropo.es\/_libros\/biblioteca\/Coran.1988.Ahmadia-del-islam.Bilingue.pdf\">El Sagrado Cor\u00e1n. Arabe &#8211; Espa\u00f1ol<\/a><\/li>\n\n\n\n<li><strong>Diccionarios:<\/strong>\n<ul class=\"wp-block-list\">\n<li><a href=\"https:\/\/www.oed.com\/\">https:\/\/www.oed.com\/<\/a><\/li>\n\n\n\n<li><a href=\"https:\/\/www.oxfordlearnersdictionaries.com\/\">https:\/\/www.oxfordlearnersdictionaries.com\/<\/a><\/li>\n<\/ul>\n<\/li>\n<\/ul>\n\n\n\n<p><strong style=\"color: revert; font-family: Rokkitt, sans-serif; font-size: 2.3125em;\">Windows und <\/strong><strong style=\"color: revert; font-family: Rokkitt, sans-serif; font-size: 2.3125em;\">Gnu\/Linux:<\/strong><\/p>\n\n\n\n<ul class=\"wp-block-list\">\n<li><a href=\"https:\/\/drive.google.com\/file\/d\/0B80JhM-F6n5NekRrTDhTZGZuVzA\/view?usp=sharing\">Driver de tarjeta de Red para Dell Inspiron Mini 1018<\/a><\/li>\n\n\n\n<li><a href=\"https:\/\/derecho.unap.edu.pe\/mespinoza\/2024\/01\/mendeley-desktop\/\">Mendeley<\/a><\/li>\n<\/ul>\n","protected":false},"excerpt":{"rendered":"<p>B\u00fccher: Comparto los siguientes enlaces: Windows und Gnu\/Linux:<\/p>\n","protected":false},"author":1,"featured_media":0,"parent":0,"menu_order":0,"comment_status":"closed","ping_status":"closed","template":"","meta":{"footnotes":""},"class_list":["post-193","page","type-page","status-publish","hentry","entry"],"_links":{"self":[{"href":"https:\/\/derecho.unap.edu.pe\/mespinoza\/wp-json\/wp\/v2\/pages\/193","targetHints":{"allow":["GET"]}}],"collection":[{"href":"https:\/\/derecho.unap.edu.pe\/mespinoza\/wp-json\/wp\/v2\/pages"}],"about":[{"href":"https:\/\/derecho.unap.edu.pe\/mespinoza\/wp-json\/wp\/v2\/types\/page"}],"author":[{"embeddable":true,"href":"https:\/\/derecho.unap.edu.pe\/mespinoza\/wp-json\/wp\/v2\/users\/1"}],"replies":[{"embeddable":true,"href":"https:\/\/derecho.unap.edu.pe\/mespinoza\/wp-json\/wp\/v2\/comments?post=193"}],"version-history":[{"count":31,"href":"https:\/\/derecho.unap.edu.pe\/mespinoza\/wp-json\/wp\/v2\/pages\/193\/revisions"}],"predecessor-version":[{"id":1177,"href":"https:\/\/derecho.unap.edu.pe\/mespinoza\/wp-json\/wp\/v2\/pages\/193\/revisions\/1177"}],"wp:attachment":[{"href":"https:\/\/derecho.unap.edu.pe\/mespinoza\/wp-json\/wp\/v2\/media?parent=193"}],"curies":[{"name":"wp","href":"https:\/\/api.w.org\/{rel}","templated":true}]}}